{"id":19152,"date":"2022-08-19T08:19:51","date_gmt":"2022-08-19T06:19:51","guid":{"rendered":"https:\/\/hardcorefitnessbootcamp.com\/bitburg-de\/?page_id=19152"},"modified":"2022-08-21T15:19:24","modified_gmt":"2022-08-21T13:19:24","slug":"fight-camp-bitburg","status":"publish","type":"page","link":"https:\/\/hardcorefitnessbootcamp.com\/bitburg-de\/fight-camp-bitburg\/","title":{"rendered":"Fight Camp Bitburg"},"content":{"rendered":"\t\t<div data-elementor-type=\"wp-page\" data-elementor-id=\"19152\" class=\"elementor elementor-19152\" data-elementor-post-type=\"page\">\n\t\t\t\t\t\t<section class=\"elementor-section elementor-top-section elementor-element elementor-element-4bd3dc6a elementor-section-boxed elementor-section-height-default elementor-section-height-default\" data-id=\"4bd3dc6a\" data-element_type=\"section\" data-e-type=\"section\">\n\t\t\t\t\t\t<div class=\"elementor-container elementor-column-gap-default\">\n\t\t\t\t\t<div class=\"elementor-column elementor-col-50 elementor-top-column elementor-element elementor-element-2d5ba8e1\" data-id=\"2d5ba8e1\" data-element_type=\"column\" data-e-type=\"column\">\n\t\t\t<div class=\"elementor-widget-wrap elementor-element-populated\">\n\t\t\t\t\t\t<div class=\"elementor-element elementor-element-eb1c2cd elementor-widget elementor-widget-heading\" data-id=\"eb1c2cd\" data-element_type=\"widget\" data-e-type=\"widget\" data-widget_type=\"heading.default\">\n\t\t\t\t<div class=\"elementor-widget-container\">\n\t\t\t\t\t<h3 class=\"elementor-heading-title elementor-size-default\">Herzfrequenz\u00fcberwachtes HIIT-Training<\/h3>\t\t\t\t<\/div>\n\t\t\t\t<\/div>\n\t\t\t\t<div class=\"elementor-element elementor-element-53f54984 elementor-widget elementor-widget-heading\" data-id=\"53f54984\" data-element_type=\"widget\" data-e-type=\"widget\" data-widget_type=\"heading.default\">\n\t\t\t\t<div class=\"elementor-widget-container\">\n\t\t\t\t\t<h1 class=\"elementor-heading-title elementor-size-default\">fight CAMP<\/h1>\t\t\t\t<\/div>\n\t\t\t\t<\/div>\n\t\t\t\t\t<\/div>\n\t\t<\/div>\n\t\t\t\t<div class=\"elementor-column elementor-col-50 elementor-top-column elementor-element elementor-element-4fff3324\" data-id=\"4fff3324\" data-element_type=\"column\" data-e-type=\"column\">\n\t\t\t<div class=\"elementor-widget-wrap elementor-element-populated\">\n\t\t\t\t\t\t<div class=\"elementor-element elementor-element-426734cf elementor-widget-tablet__width-inherit elementor-widget elementor-widget-video\" data-id=\"426734cf\" data-element_type=\"widget\" data-e-type=\"widget\" data-settings=\"{&quot;youtube_url&quot;:&quot;https:\\\/\\\/youtu.be\\\/xyP905PhY08&quot;,&quot;start&quot;:0,&quot;end&quot;:10,&quot;autoplay&quot;:&quot;yes&quot;,&quot;play_on_mobile&quot;:&quot;yes&quot;,&quot;mute&quot;:&quot;yes&quot;,&quot;loop&quot;:&quot;yes&quot;,&quot;video_type&quot;:&quot;youtube&quot;}\" data-widget_type=\"video.default\">\n\t\t\t\t<div class=\"elementor-widget-container\">\n\t\t\t\t\t\t\t<div class=\"elementor-wrapper elementor-open-inline\">\n\t\t\t<div class=\"elementor-video\"><\/div>\t\t<\/div>\n\t\t\t\t\t\t<\/div>\n\t\t\t\t<\/div>\n\t\t\t\t\t<\/div>\n\t\t<\/div>\n\t\t\t\t\t<\/div>\n\t\t<\/section>\n\t\t\t\t<section class=\"elementor-section elementor-top-section elementor-element elementor-element-22b742fc elementor-section-height-min-height elementor-section-boxed elementor-section-height-default elementor-section-items-middle\" data-id=\"22b742fc\" data-element_type=\"section\" data-e-type=\"section\" data-settings=\"{&quot;background_background&quot;:&quot;classic&quot;}\">\n\t\t\t\t\t\t<div class=\"elementor-container elementor-column-gap-default\">\n\t\t\t\t\t<div class=\"elementor-column elementor-col-50 elementor-top-column elementor-element elementor-element-2017dab9\" data-id=\"2017dab9\" data-element_type=\"column\" data-e-type=\"column\">\n\t\t\t<div class=\"elementor-widget-wrap elementor-element-populated\">\n\t\t\t\t\t\t<div class=\"elementor-element elementor-element-657847cd elementor-widget elementor-widget-heading\" data-id=\"657847cd\" data-element_type=\"widget\" data-e-type=\"widget\" data-widget_type=\"heading.default\">\n\t\t\t\t<div class=\"elementor-widget-container\">\n\t\t\t\t\t<h1 class=\"elementor-heading-title elementor-size-default\">Next Level HIIT Training bei Hardcore Fitness<\/h1>\t\t\t\t<\/div>\n\t\t\t\t<\/div>\n\t\t\t\t<div class=\"elementor-element elementor-element-1421c020 elementor-widget elementor-widget-text-editor\" data-id=\"1421c020\" data-element_type=\"widget\" data-e-type=\"widget\" data-widget_type=\"text-editor.default\">\n\t\t\t\t<div class=\"elementor-widget-container\">\n\t\t\t\t\t\t\t\t\t<h3 style=\"text-align: center;\">Mach dich bereit zum Schwitzen!<\/h3>\t\t\t\t\t\t\t\t<\/div>\n\t\t\t\t<\/div>\n\t\t\t\t<div class=\"elementor-element elementor-element-177b1568 elementor-widget elementor-widget-text-editor\" data-id=\"177b1568\" data-element_type=\"widget\" data-e-type=\"widget\" data-widget_type=\"text-editor.default\">\n\t\t\t\t<div class=\"elementor-widget-container\">\n\t\t\t\t\t\t\t\t\t<p style=\"text-align: left;\">Inspiriert vom Trainingsprogramm der weltbesten MMA-K\u00e4mpfer und professionellen Boxer kombiniert Fight Camp HIIT-inspiriertes Intervalltraining, Boxen und Kickboxen mit Echtzeit-Herzfrequenz- und Kalorienverbrauchs-Tracking-Technologie f\u00fcr ein schwei\u00dftreibendes Training, das deinen K\u00f6rper brennen l\u00e4sst.<\/p><p style=\"text-align: left;\">Gehe an deine Grenzen, w\u00e4hrend du durch zeitgesteuerte Etappen schwitzt, die von Schl\u00e4gen, Tritten und \u00dcbungen mit schweren Taschen bis hin zu Airbike-Runden und Seilschl\u00e4gen reichen &#8211; du wirst nie wissen, was dich erwartet.<\/p>\t\t\t\t\t\t\t\t<\/div>\n\t\t\t\t<\/div>\n\t\t\t\t<div class=\"elementor-element elementor-element-3b230182 elementor-widget elementor-widget-spacer\" data-id=\"3b230182\" data-element_type=\"widget\" data-e-type=\"widget\" data-widget_type=\"spacer.default\">\n\t\t\t\t<div class=\"elementor-widget-container\">\n\t\t\t\t\t\t\t<div class=\"elementor-spacer\">\n\t\t\t<div class=\"elementor-spacer-inner\"><\/div>\n\t\t<\/div>\n\t\t\t\t\t\t<\/div>\n\t\t\t\t<\/div>\n\t\t\t\t\t<\/div>\n\t\t<\/div>\n\t\t\t\t<div class=\"elementor-column elementor-col-50 elementor-top-column elementor-element elementor-element-6a3e3661\" data-id=\"6a3e3661\" data-element_type=\"column\" data-e-type=\"column\">\n\t\t\t<div class=\"elementor-widget-wrap\">\n\t\t\t\t\t\t\t<\/div>\n\t\t<\/div>\n\t\t\t\t\t<\/div>\n\t\t<\/section>\n\t\t\t\t<section class=\"elementor-section elementor-top-section elementor-element elementor-element-9c00243 elementor-section-boxed elementor-section-height-default elementor-section-height-default\" data-id=\"9c00243\" data-element_type=\"section\" data-e-type=\"section\">\n\t\t\t\t\t\t<div class=\"elementor-container elementor-column-gap-default\">\n\t\t\t\t\t<div class=\"elementor-column elementor-col-50 elementor-top-column elementor-element elementor-element-5fd2ab2d\" data-id=\"5fd2ab2d\" data-element_type=\"column\" data-e-type=\"column\">\n\t\t\t<div class=\"elementor-widget-wrap elementor-element-populated\">\n\t\t\t\t\t\t<div class=\"elementor-element elementor-element-11380abd elementor-widget elementor-widget-heading\" data-id=\"11380abd\" data-element_type=\"widget\" data-e-type=\"widget\" data-widget_type=\"heading.default\">\n\t\t\t\t<div class=\"elementor-widget-container\">\n\t\t\t\t\t<h2 class=\"elementor-heading-title elementor-size-default\">Wichtige Fragen<\/h2>\t\t\t\t<\/div>\n\t\t\t\t<\/div>\n\t\t\t\t<div class=\"elementor-element elementor-element-73013cc elementor-widget elementor-widget-toggle\" data-id=\"73013cc\" data-element_type=\"widget\" data-e-type=\"widget\" data-widget_type=\"toggle.default\">\n\t\t\t\t<div class=\"elementor-widget-container\">\n\t\t\t\t\t\t\t<div class=\"elementor-toggle\">\n\t\t\t\t\t\t\t<div class=\"elementor-toggle-item\">\n\t\t\t\t\t<div id=\"elementor-tab-title-1201\" class=\"elementor-tab-title\" data-tab=\"1\" role=\"button\" aria-controls=\"elementor-tab-content-1201\" aria-expanded=\"false\">\n\t\t\t\t\t\t\t\t\t\t\t\t<span class=\"elementor-toggle-icon elementor-toggle-icon-right\" aria-hidden=\"true\">\n\t\t\t\t\t\t\t\t\t\t\t\t\t\t\t<span class=\"elementor-toggle-icon-closed\"><i class=\"fas fa-angle-double-down\"><\/i><\/span>\n\t\t\t\t\t\t\t\t<span class=\"elementor-toggle-icon-opened\"><i class=\"elementor-toggle-icon-opened fas fa-angle-double-up\"><\/i><\/span>\n\t\t\t\t\t\t\t\t\t\t\t\t\t<\/span>\n\t\t\t\t\t\t\t\t\t\t\t\t<a class=\"elementor-toggle-title\" tabindex=\"0\">Muss ich etwas an Equipment mitbringen?<\/a>\n\t\t\t\t\t<\/div>\n\n\t\t\t\t\t<div id=\"elementor-tab-content-1201\" class=\"elementor-tab-content elementor-clearfix\" data-tab=\"1\" role=\"region\" aria-labelledby=\"elementor-tab-title-1201\"><p>Wir haben die Ausr\u00fcstung abgedeckt. Bringe einfach ein Handtuch und Wasser mit und schon kann es losgehen!<\/p><\/div>\n\t\t\t\t<\/div>\n\t\t\t\t\t\t\t<div class=\"elementor-toggle-item\">\n\t\t\t\t\t<div id=\"elementor-tab-title-1202\" class=\"elementor-tab-title\" data-tab=\"2\" role=\"button\" aria-controls=\"elementor-tab-content-1202\" aria-expanded=\"false\">\n\t\t\t\t\t\t\t\t\t\t\t\t<span class=\"elementor-toggle-icon elementor-toggle-icon-right\" aria-hidden=\"true\">\n\t\t\t\t\t\t\t\t\t\t\t\t\t\t\t<span class=\"elementor-toggle-icon-closed\"><i class=\"fas fa-angle-double-down\"><\/i><\/span>\n\t\t\t\t\t\t\t\t<span class=\"elementor-toggle-icon-opened\"><i class=\"elementor-toggle-icon-opened fas fa-angle-double-up\"><\/i><\/span>\n\t\t\t\t\t\t\t\t\t\t\t\t\t<\/span>\n\t\t\t\t\t\t\t\t\t\t\t\t<a class=\"elementor-toggle-title\" tabindex=\"0\">Muss ich f\u00fcr das Fight Camp separat bezahlen?<\/a>\n\t\t\t\t\t<\/div>\n\n\t\t\t\t\t<div id=\"elementor-tab-content-1202\" class=\"elementor-tab-content elementor-clearfix\" data-tab=\"2\" role=\"region\" aria-labelledby=\"elementor-tab-title-1202\"><p>Unsere Mitgliedschaft beinhaltet unbegrenzten Zugang zum Fight Camp.<\/p><\/div>\n\t\t\t\t<\/div>\n\t\t\t\t\t\t\t\t<\/div>\n\t\t\t\t\t\t<\/div>\n\t\t\t\t<\/div>\n\t\t\t\t\t<\/div>\n\t\t<\/div>\n\t\t\t\t<div class=\"elementor-column elementor-col-50 elementor-top-column elementor-element elementor-element-7afda0ab\" data-id=\"7afda0ab\" data-element_type=\"column\" data-e-type=\"column\" data-settings=\"{&quot;background_background&quot;:&quot;classic&quot;}\">\n\t\t\t<div class=\"elementor-widget-wrap elementor-element-populated\">\n\t\t\t\t\t\t<section class=\"elementor-section elementor-inner-section elementor-element elementor-element-1a4aef elementor-section-boxed elementor-section-height-default elementor-section-height-default\" data-id=\"1a4aef\" data-element_type=\"section\" data-e-type=\"section\" data-settings=\"{&quot;background_background&quot;:&quot;classic&quot;,&quot;sticky&quot;:&quot;bottom&quot;,&quot;sticky_offset&quot;:39,&quot;sticky_on&quot;:[&quot;desktop&quot;,&quot;tablet&quot;],&quot;sticky_effects_offset&quot;:0,&quot;sticky_anchor_link_offset&quot;:0}\">\n\t\t\t\t\t\t<div class=\"elementor-container elementor-column-gap-default\">\n\t\t\t\t\t<div class=\"elementor-column elementor-col-100 elementor-inner-column elementor-element elementor-element-6eb749ef\" data-id=\"6eb749ef\" data-element_type=\"column\" data-e-type=\"column\">\n\t\t\t<div class=\"elementor-widget-wrap elementor-element-populated\">\n\t\t\t\t\t\t<div class=\"elementor-element elementor-element-7025b0bc elementor-widget elementor-widget-heading\" data-id=\"7025b0bc\" data-element_type=\"widget\" data-e-type=\"widget\" data-widget_type=\"heading.default\">\n\t\t\t\t<div class=\"elementor-widget-container\">\n\t\t\t\t\t<h3 class=\"elementor-heading-title elementor-size-default\">Wichtig zu wissen<\/h3>\t\t\t\t<\/div>\n\t\t\t\t<\/div>\n\t\t\t\t<div class=\"elementor-element elementor-element-10a50942 elementor-align-center elementor-icon-list--layout-traditional elementor-list-item-link-full_width elementor-widget elementor-widget-icon-list\" data-id=\"10a50942\" data-element_type=\"widget\" data-e-type=\"widget\" data-widget_type=\"icon-list.default\">\n\t\t\t\t<div class=\"elementor-widget-container\">\n\t\t\t\t\t\t\t<ul class=\"elementor-icon-list-items\">\n\t\t\t\t\t\t\t<li class=\"elementor-icon-list-item\">\n\t\t\t\t\t\t\t\t\t\t<span class=\"elementor-icon-list-text\"><b>Fight Camp Dauer:<\/b> 30 - 60 Minuten<\/span>\n\t\t\t\t\t\t\t\t\t<\/li>\n\t\t\t\t\t\t<\/ul>\n\t\t\t\t\t\t<\/div>\n\t\t\t\t<\/div>\n\t\t\t\t\t<\/div>\n\t\t<\/div>\n\t\t\t\t\t<\/div>\n\t\t<\/section>\n\t\t\t\t\t<\/div>\n\t\t<\/div>\n\t\t\t\t\t<\/div>\n\t\t<\/section>\n\t\t\t\t<section class=\"elementor-section elementor-top-section elementor-element elementor-element-6fb326fe elementor-section-height-min-height elementor-section-boxed elementor-section-height-default elementor-section-items-middle\" data-id=\"6fb326fe\" data-element_type=\"section\" data-e-type=\"section\" data-settings=\"{&quot;background_background&quot;:&quot;classic&quot;}\">\n\t\t\t\t\t\t\t<div class=\"elementor-background-overlay\"><\/div>\n\t\t\t\t\t\t\t<div class=\"elementor-container elementor-column-gap-default\">\n\t\t\t\t\t<div class=\"elementor-column elementor-col-100 elementor-top-column elementor-element elementor-element-316e4772\" data-id=\"316e4772\" data-element_type=\"column\" data-e-type=\"column\" data-settings=\"{&quot;background_background&quot;:&quot;classic&quot;}\">\n\t\t\t<div class=\"elementor-widget-wrap elementor-element-populated\">\n\t\t\t\t\t\t<div class=\"elementor-element elementor-element-55f2b6d2 elementor-widget elementor-widget-heading\" data-id=\"55f2b6d2\" data-element_type=\"widget\" data-e-type=\"widget\" data-settings=\"{&quot;motion_fx_motion_fx_scrolling&quot;:&quot;yes&quot;,&quot;motion_fx_translateY_effect&quot;:&quot;yes&quot;,&quot;motion_fx_translateY_speed&quot;:{&quot;unit&quot;:&quot;px&quot;,&quot;size&quot;:&quot;0.5&quot;,&quot;sizes&quot;:[]},&quot;motion_fx_translateY_affectedRange&quot;:{&quot;unit&quot;:&quot;%&quot;,&quot;size&quot;:&quot;&quot;,&quot;sizes&quot;:{&quot;start&quot;:&quot;0&quot;,&quot;end&quot;:&quot;50&quot;}},&quot;motion_fx_translateY_direction&quot;:&quot;negative&quot;,&quot;motion_fx_devices&quot;:[&quot;desktop&quot;,&quot;tablet&quot;,&quot;mobile&quot;]}\" data-widget_type=\"heading.default\">\n\t\t\t\t<div class=\"elementor-widget-container\">\n\t\t\t\t\t<h4 class=\"elementor-heading-title elementor-size-default\">Won\u2019t Happen In One Day<\/h4>\t\t\t\t<\/div>\n\t\t\t\t<\/div>\n\t\t\t\t<div class=\"elementor-element elementor-element-6fe75172 elementor-widget elementor-widget-heading\" data-id=\"6fe75172\" data-element_type=\"widget\" data-e-type=\"widget\" data-settings=\"{&quot;motion_fx_motion_fx_scrolling&quot;:&quot;yes&quot;,&quot;motion_fx_opacity_effect&quot;:&quot;yes&quot;,&quot;motion_fx_opacity_range&quot;:{&quot;unit&quot;:&quot;%&quot;,&quot;size&quot;:&quot;&quot;,&quot;sizes&quot;:{&quot;start&quot;:&quot;0&quot;,&quot;end&quot;:&quot;50&quot;}},&quot;motion_fx_opacity_direction&quot;:&quot;out-in&quot;,&quot;motion_fx_opacity_level&quot;:{&quot;unit&quot;:&quot;px&quot;,&quot;size&quot;:10,&quot;sizes&quot;:[]},&quot;motion_fx_devices&quot;:[&quot;desktop&quot;,&quot;tablet&quot;,&quot;mobile&quot;]}\" data-widget_type=\"heading.default\">\n\t\t\t\t<div class=\"elementor-widget-container\">\n\t\t\t\t\t<h2 class=\"elementor-heading-title elementor-size-default\">don't give up without trying<\/h2>\t\t\t\t<\/div>\n\t\t\t\t<\/div>\n\t\t\t\t\t<\/div>\n\t\t<\/div>\n\t\t\t\t\t<\/div>\n\t\t<\/section>\n\t\t\t\t<\/div>\n\t\t","protected":false},"excerpt":{"rendered":"<p>Herzfrequenz\u00fcberwachtes HIIT-Training fight CAMP Next Level HIIT Training bei Hardcore Fitness Mach dich bereit zum Schwitzen! Inspiriert vom Trainingsprogramm der weltbesten MMA-K\u00e4mpfer und professionellen Boxer kombiniert Fight Camp HIIT-inspiriertes Intervalltraining, Boxen und Kickboxen mit Echtzeit-Herzfrequenz- und Kalorienverbrauchs-Tracking-Technologie f\u00fcr ein schwei\u00dftreibendes Training, das deinen K\u00f6rper brennen l\u00e4sst. Gehe an deine Grenzen, w\u00e4hrend du durch zeitgesteuerte Etappen [&hellip;]<\/p>\n","protected":false},"author":70,"featured_media":0,"parent":0,"menu_order":0,"comment_status":"closed","ping_status":"closed","template":"","meta":{"_acf_changed":false,"footnotes":""},"class_list":["post-19152","page","type-page","status-publish","hentry"],"acf":[],"yoast_head":"<!-- This site is optimized with the Yoast SEO plugin v25.6 - https:\/\/yoast.com\/wordpress\/plugins\/seo\/ -->\n<title>Fight Camp Bitburg - Hardcore Fitness Bitburg<\/title>\n<meta name=\"robots\" content=\"index, follow, max-snippet:-1, max-image-preview:large, max-video-preview:-1\" \/>\n<link rel=\"canonical\" href=\"https:\/\/hardcorefitnessbootcamp.com\/hcf-our-classes\/hcf-fight-camp\/\" \/>\n<meta property=\"og:locale\" content=\"de_DE\" \/>\n<meta property=\"og:type\" content=\"article\" \/>\n<meta property=\"og:title\" content=\"Fight Camp Bitburg - Hardcore Fitness Bitburg\" \/>\n<meta property=\"og:description\" content=\"Herzfrequenz\u00fcberwachtes HIIT-Training fight CAMP Next Level HIIT Training bei Hardcore Fitness Mach dich bereit zum Schwitzen! Inspiriert vom Trainingsprogramm der weltbesten MMA-K\u00e4mpfer und professionellen Boxer kombiniert Fight Camp HIIT-inspiriertes Intervalltraining, Boxen und Kickboxen mit Echtzeit-Herzfrequenz- und Kalorienverbrauchs-Tracking-Technologie f\u00fcr ein schwei\u00dftreibendes Training, das deinen K\u00f6rper brennen l\u00e4sst. Gehe an deine Grenzen, w\u00e4hrend du durch zeitgesteuerte Etappen [&hellip;]\" \/>\n<meta property=\"og:url\" content=\"https:\/\/hardcorefitnessbootcamp.com\/hcf-our-classes\/hcf-fight-camp\/\" \/>\n<meta property=\"og:site_name\" content=\"Hardcore Fitness Bitburg\" \/>\n<meta property=\"article:publisher\" content=\"https:\/\/www.facebook.com\/hardcorefitnessbitburg\" \/>\n<meta property=\"article:modified_time\" content=\"2022-08-21T13:19:24+00:00\" \/>\n<meta name=\"twitter:card\" content=\"summary_large_image\" \/>\n<meta name=\"twitter:label1\" content=\"Gesch\u00e4tzte Lesezeit\" \/>\n\t<meta name=\"twitter:data1\" content=\"1\u00a0Minute\" \/>\n<script type=\"application\/ld+json\" class=\"yoast-schema-graph\">{\"@context\":\"https:\/\/schema.org\",\"@graph\":[{\"@type\":\"WebPage\",\"@id\":\"https:\/\/hardcorefitnessbootcamp.com\/bitburg-de\/fight-camp-bitburg\/\",\"url\":\"https:\/\/hardcorefitnessbootcamp.com\/hcf-our-classes\/hcf-fight-camp\/\",\"name\":\"Fight Camp Bitburg - Hardcore Fitness Bitburg\",\"isPartOf\":{\"@id\":\"https:\/\/hardcorefitnessbootcamp.com\/bitburg-de\/#website\"},\"datePublished\":\"2022-08-19T06:19:51+00:00\",\"dateModified\":\"2022-08-21T13:19:24+00:00\",\"breadcrumb\":{\"@id\":\"https:\/\/hardcorefitnessbootcamp.com\/hcf-our-classes\/hcf-fight-camp\/#breadcrumb\"},\"inLanguage\":\"de\",\"potentialAction\":[{\"@type\":\"ReadAction\",\"target\":[\"https:\/\/hardcorefitnessbootcamp.com\/hcf-our-classes\/hcf-fight-camp\/\"]}]},{\"@type\":\"BreadcrumbList\",\"@id\":\"https:\/\/hardcorefitnessbootcamp.com\/hcf-our-classes\/hcf-fight-camp\/#breadcrumb\",\"itemListElement\":[{\"@type\":\"ListItem\",\"position\":1,\"name\":\"Home\",\"item\":\"https:\/\/hardcorefitnessbootcamp.com\/bitburg-de\/\"},{\"@type\":\"ListItem\",\"position\":2,\"name\":\"Fight Camp Bitburg\"}]},{\"@type\":\"WebSite\",\"@id\":\"https:\/\/hardcorefitnessbootcamp.com\/bitburg-de\/#website\",\"url\":\"https:\/\/hardcorefitnessbootcamp.com\/bitburg-de\/\",\"name\":\"Hardcore Fitness Bitburg\",\"description\":\"Dein Personal Training in Bitburg\",\"publisher\":{\"@id\":\"https:\/\/hardcorefitnessbootcamp.com\/bitburg-de\/#organization\"},\"potentialAction\":[{\"@type\":\"SearchAction\",\"target\":{\"@type\":\"EntryPoint\",\"urlTemplate\":\"https:\/\/hardcorefitnessbootcamp.com\/bitburg-de\/?s={search_term_string}\"},\"query-input\":{\"@type\":\"PropertyValueSpecification\",\"valueRequired\":true,\"valueName\":\"search_term_string\"}}],\"inLanguage\":\"de\"},{\"@type\":\"Organization\",\"@id\":\"https:\/\/hardcorefitnessbootcamp.com\/bitburg-de\/#organization\",\"name\":\"Hardcore Fitness Bitburg\",\"url\":\"https:\/\/hardcorefitnessbootcamp.com\/bitburg-de\/\",\"logo\":{\"@type\":\"ImageObject\",\"inLanguage\":\"de\",\"@id\":\"https:\/\/hardcorefitnessbootcamp.com\/bitburg-de\/#\/schema\/logo\/image\/\",\"url\":\"https:\/\/hardcorefitnessbootcamp.com\/bitburg-de\/wp-content\/uploads\/sites\/67\/2020\/11\/HCF-Logo-Red.jpeg\",\"contentUrl\":\"https:\/\/hardcorefitnessbootcamp.com\/bitburg-de\/wp-content\/uploads\/sites\/67\/2020\/11\/HCF-Logo-Red.jpeg\",\"width\":864,\"height\":535,\"caption\":\"Hardcore Fitness Bitburg\"},\"image\":{\"@id\":\"https:\/\/hardcorefitnessbootcamp.com\/bitburg-de\/#\/schema\/logo\/image\/\"},\"sameAs\":[\"https:\/\/www.facebook.com\/hardcorefitnessbitburg\",\"https:\/\/www.instagram.com\/hardcorefitnessbitburg\/\"]}]}<\/script>\n<!-- \/ Yoast SEO plugin. -->","yoast_head_json":{"title":"Fight Camp Bitburg - Hardcore Fitness Bitburg","robots":{"index":"index","follow":"follow","max-snippet":"max-snippet:-1","max-image-preview":"max-image-preview:large","max-video-preview":"max-video-preview:-1"},"canonical":"https:\/\/hardcorefitnessbootcamp.com\/hcf-our-classes\/hcf-fight-camp\/","og_locale":"de_DE","og_type":"article","og_title":"Fight Camp Bitburg - Hardcore Fitness Bitburg","og_description":"Herzfrequenz\u00fcberwachtes HIIT-Training fight CAMP Next Level HIIT Training bei Hardcore Fitness Mach dich bereit zum Schwitzen! Inspiriert vom Trainingsprogramm der weltbesten MMA-K\u00e4mpfer und professionellen Boxer kombiniert Fight Camp HIIT-inspiriertes Intervalltraining, Boxen und Kickboxen mit Echtzeit-Herzfrequenz- und Kalorienverbrauchs-Tracking-Technologie f\u00fcr ein schwei\u00dftreibendes Training, das deinen K\u00f6rper brennen l\u00e4sst. Gehe an deine Grenzen, w\u00e4hrend du durch zeitgesteuerte Etappen [&hellip;]","og_url":"https:\/\/hardcorefitnessbootcamp.com\/hcf-our-classes\/hcf-fight-camp\/","og_site_name":"Hardcore Fitness Bitburg","article_publisher":"https:\/\/www.facebook.com\/hardcorefitnessbitburg","article_modified_time":"2022-08-21T13:19:24+00:00","twitter_card":"summary_large_image","twitter_misc":{"Gesch\u00e4tzte Lesezeit":"1\u00a0Minute"},"schema":{"@context":"https:\/\/schema.org","@graph":[{"@type":"WebPage","@id":"https:\/\/hardcorefitnessbootcamp.com\/bitburg-de\/fight-camp-bitburg\/","url":"https:\/\/hardcorefitnessbootcamp.com\/hcf-our-classes\/hcf-fight-camp\/","name":"Fight Camp Bitburg - Hardcore Fitness Bitburg","isPartOf":{"@id":"https:\/\/hardcorefitnessbootcamp.com\/bitburg-de\/#website"},"datePublished":"2022-08-19T06:19:51+00:00","dateModified":"2022-08-21T13:19:24+00:00","breadcrumb":{"@id":"https:\/\/hardcorefitnessbootcamp.com\/hcf-our-classes\/hcf-fight-camp\/#breadcrumb"},"inLanguage":"de","potentialAction":[{"@type":"ReadAction","target":["https:\/\/hardcorefitnessbootcamp.com\/hcf-our-classes\/hcf-fight-camp\/"]}]},{"@type":"BreadcrumbList","@id":"https:\/\/hardcorefitnessbootcamp.com\/hcf-our-classes\/hcf-fight-camp\/#breadcrumb","itemListElement":[{"@type":"ListItem","position":1,"name":"Home","item":"https:\/\/hardcorefitnessbootcamp.com\/bitburg-de\/"},{"@type":"ListItem","position":2,"name":"Fight Camp Bitburg"}]},{"@type":"WebSite","@id":"https:\/\/hardcorefitnessbootcamp.com\/bitburg-de\/#website","url":"https:\/\/hardcorefitnessbootcamp.com\/bitburg-de\/","name":"Hardcore Fitness Bitburg","description":"Dein Personal Training in Bitburg","publisher":{"@id":"https:\/\/hardcorefitnessbootcamp.com\/bitburg-de\/#organization"},"potentialAction":[{"@type":"SearchAction","target":{"@type":"EntryPoint","urlTemplate":"https:\/\/hardcorefitnessbootcamp.com\/bitburg-de\/?s={search_term_string}"},"query-input":{"@type":"PropertyValueSpecification","valueRequired":true,"valueName":"search_term_string"}}],"inLanguage":"de"},{"@type":"Organization","@id":"https:\/\/hardcorefitnessbootcamp.com\/bitburg-de\/#organization","name":"Hardcore Fitness Bitburg","url":"https:\/\/hardcorefitnessbootcamp.com\/bitburg-de\/","logo":{"@type":"ImageObject","inLanguage":"de","@id":"https:\/\/hardcorefitnessbootcamp.com\/bitburg-de\/#\/schema\/logo\/image\/","url":"https:\/\/hardcorefitnessbootcamp.com\/bitburg-de\/wp-content\/uploads\/sites\/67\/2020\/11\/HCF-Logo-Red.jpeg","contentUrl":"https:\/\/hardcorefitnessbootcamp.com\/bitburg-de\/wp-content\/uploads\/sites\/67\/2020\/11\/HCF-Logo-Red.jpeg","width":864,"height":535,"caption":"Hardcore Fitness Bitburg"},"image":{"@id":"https:\/\/hardcorefitnessbootcamp.com\/bitburg-de\/#\/schema\/logo\/image\/"},"sameAs":["https:\/\/www.facebook.com\/hardcorefitnessbitburg","https:\/\/www.instagram.com\/hardcorefitnessbitburg\/"]}]}},"_links":{"self":[{"href":"https:\/\/hardcorefitnessbootcamp.com\/bitburg-de\/wp-json\/wp\/v2\/pages\/19152"}],"collection":[{"href":"https:\/\/hardcorefitnessbootcamp.com\/bitburg-de\/wp-json\/wp\/v2\/pages"}],"about":[{"href":"https:\/\/hardcorefitnessbootcamp.com\/bitburg-de\/wp-json\/wp\/v2\/types\/page"}],"author":[{"embeddable":true,"href":"https:\/\/hardcorefitnessbootcamp.com\/bitburg-de\/wp-json\/wp\/v2\/users\/70"}],"replies":[{"embeddable":true,"href":"https:\/\/hardcorefitnessbootcamp.com\/bitburg-de\/wp-json\/wp\/v2\/comments?post=19152"}],"version-history":[{"count":14,"href":"https:\/\/hardcorefitnessbootcamp.com\/bitburg-de\/wp-json\/wp\/v2\/pages\/19152\/revisions"}],"predecessor-version":[{"id":19234,"href":"https:\/\/hardcorefitnessbootcamp.com\/bitburg-de\/wp-json\/wp\/v2\/pages\/19152\/revisions\/19234"}],"wp:attachment":[{"href":"https:\/\/hardcorefitnessbootcamp.com\/bitburg-de\/wp-json\/wp\/v2\/media?parent=19152"}],"curies":[{"name":"wp","href":"https:\/\/api.w.org\/{rel}","templated":true}]}}